{"id":587,"date":"2025-01-21T13:24:05","date_gmt":"2025-01-21T12:24:05","guid":{"rendered":"https:\/\/paroisse-auray-pluneret.fr\/?page_id=587"},"modified":"2025-03-01T08:59:53","modified_gmt":"2025-03-01T07:59:53","slug":"lequipe-pastorale","status":"publish","type":"page","link":"https:\/\/paroisse-auray-pluneret.fr\/index.php\/lequipe-pastorale\/","title":{"rendered":"l&rsquo;Equipe pastorale"},"content":{"rendered":"\n<p>L\u2019ensemble paroissial est anim\u00e9 par une <strong>\u00c9quipe Pastorale<\/strong> compos\u00e9e :<\/p>\n\n\n\n<ul class=\"wp-block-list\">\n<li>des pr\u00eatres : Ga\u00ebtan Lucas (cur\u00e9), Guillaume Porrot et Francis Loisel, ainsi que Wisdom de Susa, s\u00e9minariste en insertion pastorale<\/li>\n<\/ul>\n\n\n<div class=\"wp-block-image\">\n<figure class=\"aligncenter size-full is-resized\"><img loading=\"lazy\" decoding=\"async\" width=\"796\" height=\"385\" src=\"https:\/\/paroisse-auray-pluneret.fr\/wp-content\/uploads\/2025\/01\/pretres_seminariste_2025.jpg\" alt=\"\" class=\"wp-image-705\" style=\"width:500px\" srcset=\"https:\/\/paroisse-auray-pluneret.fr\/wp-content\/uploads\/2025\/01\/pretres_seminariste_2025.jpg 796w, https:\/\/paroisse-auray-pluneret.fr\/wp-content\/uploads\/2025\/01\/pretres_seminariste_2025-300x145.jpg 300w, https:\/\/paroisse-auray-pluneret.fr\/wp-content\/uploads\/2025\/01\/pretres_seminariste_2025-768x371.jpg 768w\" sizes=\"auto, (max-width: 796px) 100vw, 796px\" \/><\/figure>\n<\/div>\n\n\n<p><\/p>\n\n\n\n<ul class=\"wp-block-list\">\n<li>des diacres : Gaston Riguidel, Claude Philippe et Patrick Le Galliot <em>(absent sur la photo)<\/em> <\/li>\n<\/ul>\n\n\n<div class=\"wp-block-image\">\n<figure class=\"aligncenter size-medium\"><img loading=\"lazy\" decoding=\"async\" width=\"300\" height=\"289\" src=\"https:\/\/paroisse-auray-pluneret.fr\/wp-content\/uploads\/2025\/01\/Diacres_Gaston_Claude-300x289.jpg\" alt=\"\" class=\"wp-image-706\" srcset=\"https:\/\/paroisse-auray-pluneret.fr\/wp-content\/uploads\/2025\/01\/Diacres_Gaston_Claude-300x289.jpg 300w, https:\/\/paroisse-auray-pluneret.fr\/wp-content\/uploads\/2025\/01\/Diacres_Gaston_Claude.jpg 460w\" sizes=\"auto, (max-width: 300px) 100vw, 300px\" \/><\/figure>\n<\/div>\n\n\n<ul class=\"wp-block-list\">\n<li>de deux animatrices en pastorale missionn\u00e9es : Babeth Bros et Marion Van Rhijn <\/li>\n\n\n\n<li>de Madeleine Haurogn\u00e9 (Pluneret) et Henri Coudron (Auray) qui repr\u00e9sentent les paroissiens<\/li>\n<\/ul>\n\n\n\n<p><\/p>\n","protected":false},"excerpt":{"rendered":"<p>L\u2019ensemble paroissial est anim\u00e9 par une \u00c9quipe Pastorale compos\u00e9e :<\/p>\n","protected":false},"author":2,"featured_media":0,"parent":0,"menu_order":0,"comment_status":"closed","ping_status":"closed","template":"","meta":{"_eb_attr":"","iawp_total_views":201,"footnotes":""},"class_list":["post-587","page","type-page","status-publish","hentry","entry"],"_links":{"self":[{"href":"https:\/\/paroisse-auray-pluneret.fr\/index.php\/wp-json\/wp\/v2\/pages\/587","targetHints":{"allow":["GET"]}}],"collection":[{"href":"https:\/\/paroisse-auray-pluneret.fr\/index.php\/wp-json\/wp\/v2\/pages"}],"about":[{"href":"https:\/\/paroisse-auray-pluneret.fr\/index.php\/wp-json\/wp\/v2\/types\/page"}],"author":[{"embeddable":true,"href":"https:\/\/paroisse-auray-pluneret.fr\/index.php\/wp-json\/wp\/v2\/users\/2"}],"replies":[{"embeddable":true,"href":"https:\/\/paroisse-auray-pluneret.fr\/index.php\/wp-json\/wp\/v2\/comments?post=587"}],"version-history":[{"count":12,"href":"https:\/\/paroisse-auray-pluneret.fr\/index.php\/wp-json\/wp\/v2\/pages\/587\/revisions"}],"predecessor-version":[{"id":1111,"href":"https:\/\/paroisse-auray-pluneret.fr\/index.php\/wp-json\/wp\/v2\/pages\/587\/revisions\/1111"}],"wp:attachment":[{"href":"https:\/\/paroisse-auray-pluneret.fr\/index.php\/wp-json\/wp\/v2\/media?parent=587"}],"curies":[{"name":"wp","href":"https:\/\/api.w.org\/{rel}","templated":true}]}}

<p>L’ensemble paroissial est animé par une <strong>Équipe Pastorale</strong> composée :</p>



<ul class="wp-block-list">
<li>des prêtres : Gaëtan Lucas (curé), Guillaume Porrot et Francis Loisel, ainsi que Wisdom de Susa, séminariste en insertion pastorale</li>
</ul>


<div class="wp-block-image">
<figure class="aligncenter size-full is-resized"><img loading="lazy" decoding="async" width="796" height="385" src="https://paroisse-auray-pluneret.fr/wp-content/uploads/2025/01/pretres_seminariste_2025.jpg" alt="" class="wp-image-705" style="width:500px" srcset="https://paroisse-auray-pluneret.fr/wp-content/uploads/2025/01/pretres_seminariste_2025.jpg 796w, https://paroisse-auray-pluneret.fr/wp-content/uploads/2025/01/pretres_seminariste_2025-300x145.jpg 300w, https://paroisse-auray-pluneret.fr/wp-content/uploads/2025/01/pretres_seminariste_2025-768x371.jpg 768w" sizes="auto, (max-width: 796px) 100vw, 796px" /></figure>
</div>


<p></p>



<ul class="wp-block-list">
<li>des diacres : Gaston Riguidel, Claude Philippe et Patrick Le Galliot <em>(absent sur la photo)</em> </li>
</ul>


<div class="wp-block-image">
<figure class="aligncenter size-medium"><img loading="lazy" decoding="async" width="300" height="289" src="https://paroisse-auray-pluneret.fr/wp-content/uploads/2025/01/Diacres_Gaston_Claude-300x289.jpg" alt="" class="wp-image-706" srcset="https://paroisse-auray-pluneret.fr/wp-content/uploads/2025/01/Diacres_Gaston_Claude-300x289.jpg 300w, https://paroisse-auray-pluneret.fr/wp-content/uploads/2025/01/Diacres_Gaston_Claude.jpg 460w" sizes="auto, (max-width: 300px) 100vw, 300px" /></figure>
</div>


<ul class="wp-block-list">
<li>de deux animatrices en pastorale missionnées : Babeth Bros et Marion Van Rhijn </li>



<li>de Madeleine Haurogné (Pluneret) et Henri Coudron (Auray) qui représentent les paroissiens</li>
</ul>



<p></p>

<p>L’ensemble paroissial est animé par une Équipe Pastorale composée :</p>
