{"id":367,"date":"2025-01-13T16:00:17","date_gmt":"2025-01-13T15:00:17","guid":{"rendered":"https:\/\/paroisse-auray-pluneret.fr\/?page_id=367"},"modified":"2025-01-22T18:49:55","modified_gmt":"2025-01-22T17:49:55","slug":"chapelle-du-pere-eternel","status":"publish","type":"page","link":"https:\/\/paroisse-auray-pluneret.fr\/index.php\/chapelle-du-pere-eternel\/","title":{"rendered":"Chapelle \u00ab\u00a0du P\u00e8re Eternel\u00a0\u00bb"},"content":{"rendered":"\n<h3 class=\"wp-block-heading has-text-align-center\">S\u0153urs de la Charit\u00e9 de St Louis<\/h3>\n\n\n\n<p>Une congr\u00e9gation fond\u00e9e en 1803 par la Bienheureuse Louise Elisabeth de Lamoignon, M\u00e8re St Louis (1763\u20141825)&nbsp;: \u00e9pouse, m\u00e8re, veuve, fondatrice.<\/p>\n\n\n\n<p>En 1807, appel\u00e9e par Gabriel Deshayes, elle fonde \u00e0 Auray une seconde maison de charit\u00e9 dans l\u2019ancien couvent des Cordeli\u00e8res. Elle y cr\u00e9e une \u00e9cole.<\/p>\n\n\n<div class=\"wp-block-image\">\n<figure class=\"aligncenter size-full\"><img loading=\"lazy\" decoding=\"async\" width=\"238\" height=\"351\" src=\"https:\/\/paroisse-auray-pluneret.fr\/wp-content\/uploads\/2025\/01\/image-17.png\" alt=\"\" class=\"wp-image-656\" srcset=\"https:\/\/paroisse-auray-pluneret.fr\/wp-content\/uploads\/2025\/01\/image-17.png 238w, https:\/\/paroisse-auray-pluneret.fr\/wp-content\/uploads\/2025\/01\/image-17-203x300.png 203w\" sizes=\"auto, (max-width: 238px) 100vw, 238px\" \/><\/figure>\n<\/div>\n\n\n<p>Gabriel Deshayes r\u00eavait \u00e9galement de ressusciter dans sa paroisse l\u2019\u0153uvre des retraites que la r\u00e9volution avait interrompue.<\/p>\n\n\n\n<p>Son d\u00e9sir fut imm\u00e9diatement second\u00e9 par M\u00e8re St Louis qui, depuis longtemps, partageait la m\u00eame pr\u00e9occupation.<\/p>\n\n\n\n<p>Elle am\u00e9nage et agrandit la maison d\u2019Auray.<\/p>\n\n\n\n<p>\u00ab&nbsp;Tout est grand quand c\u2019est l\u2019amour qui le fait&nbsp;\u00bb.<\/p>\n\n\n\n<p>M\u00e8re St Louis sera b\u00e9atifi\u00e9e le 27 mai 2012 \u00e0 Vannes.<\/p>\n\n\n<div class=\"wp-block-image\">\n<figure class=\"aligncenter size-full\"><img loading=\"lazy\" decoding=\"async\" width=\"450\" height=\"282\" src=\"https:\/\/paroisse-auray-pluneret.fr\/wp-content\/uploads\/2025\/01\/image-18.png\" alt=\"Ancienne carte postale  \n\u00ab Auray - le couvent du P\u00e8re Eternel \u00bb\" class=\"wp-image-658\" srcset=\"https:\/\/paroisse-auray-pluneret.fr\/wp-content\/uploads\/2025\/01\/image-18.png 450w, https:\/\/paroisse-auray-pluneret.fr\/wp-content\/uploads\/2025\/01\/image-18-300x188.png 300w\" sizes=\"auto, (max-width: 450px) 100vw, 450px\" \/><\/figure>\n<\/div>\n\n\n<p><\/p>\n","protected":false},"excerpt":{"rendered":"<p>S\u0153urs de la Charit\u00e9 de St Louis Une congr\u00e9gation fond\u00e9e en 1803 par la Bienheureuse Louise Elisabeth de Lamoignon, M\u00e8re St Louis (1763\u20141825)&nbsp;: \u00e9pouse, m\u00e8re, veuve, fondatrice. En 1807, appel\u00e9e par Gabriel Deshayes, elle fonde \u00e0 Auray une seconde maison de charit\u00e9 dans l\u2019ancien couvent des Cordeli\u00e8res. Elle y cr\u00e9e une \u00e9cole. Gabriel Deshayes r\u00eavait<a class=\"more-link\" href=\"https:\/\/paroisse-auray-pluneret.fr\/index.php\/chapelle-du-pere-eternel\/\">Lire la suite <span class=\"screen-reader-text\">\u00ab\u00a0Chapelle \u00ab\u00a0du P\u00e8re Eternel\u00a0\u00bb\u00a0\u00bb<\/span><\/a><\/p>\n","protected":false},"author":2,"featured_media":0,"parent":0,"menu_order":0,"comment_status":"closed","ping_status":"closed","template":"","meta":{"_eb_attr":"","iawp_total_views":70,"footnotes":""},"class_list":["post-367","page","type-page","status-publish","hentry","entry"],"_links":{"self":[{"href":"https:\/\/paroisse-auray-pluneret.fr\/index.php\/wp-json\/wp\/v2\/pages\/367","targetHints":{"allow":["GET"]}}],"collection":[{"href":"https:\/\/paroisse-auray-pluneret.fr\/index.php\/wp-json\/wp\/v2\/pages"}],"about":[{"href":"https:\/\/paroisse-auray-pluneret.fr\/index.php\/wp-json\/wp\/v2\/types\/page"}],"author":[{"embeddable":true,"href":"https:\/\/paroisse-auray-pluneret.fr\/index.php\/wp-json\/wp\/v2\/users\/2"}],"replies":[{"embeddable":true,"href":"https:\/\/paroisse-auray-pluneret.fr\/index.php\/wp-json\/wp\/v2\/comments?post=367"}],"version-history":[{"count":3,"href":"https:\/\/paroisse-auray-pluneret.fr\/index.php\/wp-json\/wp\/v2\/pages\/367\/revisions"}],"predecessor-version":[{"id":660,"href":"https:\/\/paroisse-auray-pluneret.fr\/index.php\/wp-json\/wp\/v2\/pages\/367\/revisions\/660"}],"wp:attachment":[{"href":"https:\/\/paroisse-auray-pluneret.fr\/index.php\/wp-json\/wp\/v2\/media?parent=367"}],"curies":[{"name":"wp","href":"https:\/\/api.w.org\/{rel}","templated":true}]}}

Chapelle « du Père Eternel »

<h3 class="wp-block-heading has-text-align-center">Sœurs de la Charité de St Louis</h3>



<p>Une congrégation fondée en 1803 par la Bienheureuse Louise Elisabeth de Lamoignon, Mère St Louis (1763—1825)&nbsp;: épouse, mère, veuve, fondatrice.</p>



<p>En 1807, appelée par Gabriel Deshayes, elle fonde à Auray une seconde maison de charité dans l’ancien couvent des Cordelières. Elle y crée une école.</p>


<div class="wp-block-image">
<figure class="aligncenter size-full"><img loading="lazy" decoding="async" width="238" height="351" src="https://paroisse-auray-pluneret.fr/wp-content/uploads/2025/01/image-17.png" alt="" class="wp-image-656" srcset="https://paroisse-auray-pluneret.fr/wp-content/uploads/2025/01/image-17.png 238w, https://paroisse-auray-pluneret.fr/wp-content/uploads/2025/01/image-17-203x300.png 203w" sizes="auto, (max-width: 238px) 100vw, 238px" /></figure>
</div>


<p>Gabriel Deshayes rêvait également de ressusciter dans sa paroisse l’œuvre des retraites que la révolution avait interrompue.</p>



<p>Son désir fut immédiatement secondé par Mère St Louis qui, depuis longtemps, partageait la même préoccupation.</p>



<p>Elle aménage et agrandit la maison d’Auray.</p>



<p>«&nbsp;Tout est grand quand c’est l’amour qui le fait&nbsp;».</p>



<p>Mère St Louis sera béatifiée le 27 mai 2012 à Vannes.</p>


<div class="wp-block-image">
<figure class="aligncenter size-full"><img loading="lazy" decoding="async" width="450" height="282" src="https://paroisse-auray-pluneret.fr/wp-content/uploads/2025/01/image-18.png" alt="Ancienne carte postale  
« Auray - le couvent du Père Eternel »" class="wp-image-658" srcset="https://paroisse-auray-pluneret.fr/wp-content/uploads/2025/01/image-18.png 450w, https://paroisse-auray-pluneret.fr/wp-content/uploads/2025/01/image-18-300x188.png 300w" sizes="auto, (max-width: 450px) 100vw, 450px" /></figure>
</div>


<p></p>

<p>Sœurs de la Charité de St Louis Une congrégation fondée en 1803 par la Bienheureuse Louise Elisabeth de Lamoignon, Mère St Louis (1763—1825)&nbsp;: épouse, mère, veuve, fondatrice. En 1807, appelée par Gabriel Deshayes, elle fonde à Auray une seconde maison de charité dans l’ancien couvent des Cordelières. Elle y crée une école. Gabriel Deshayes rêvait<a class="more-link" href="https://paroisse-auray-pluneret.fr/index.php/chapelle-du-pere-eternel/">Lire la suite <span class="screen-reader-text">« Chapelle « du Père Eternel » »</span></a></p>
