{"id":361,"date":"2025-01-13T15:58:38","date_gmt":"2025-01-13T14:58:38","guid":{"rendered":"https:\/\/paroisse-auray-pluneret.fr\/?page_id=361"},"modified":"2025-01-22T18:44:24","modified_gmt":"2025-01-22T17:44:24","slug":"eglise-st-gildas","status":"publish","type":"page","link":"https:\/\/paroisse-auray-pluneret.fr\/index.php\/eglise-st-gildas\/","title":{"rendered":"Eglise St Gildas"},"content":{"rendered":"\n<p>Gildas est n\u00e9 en Ecosse vers 493.<\/p>\n\n\n\n<p>Il re\u00e7oit le bapt\u00eame \u00e0 7 ans. Son p\u00e8re l\u2019envoie \u00e0 l\u2019\u00e9cole au monast\u00e8re d\u2019Ildut au Pays de Galles. Il joue et s\u2019instruit avec de futurs grands saints, comme Samson, Pol, Bieuzy.<\/p>\n\n\n\n<p>A quinze ans, il \u00e9tudie la philosophie et la th\u00e9ologie et demande l\u2019habit de moine. Il vit comme un asc\u00e8te, ne boit jamais de vin,<\/p>\n\n\n\n<p>Quand Gildas devient pr\u00eatre, dix ans plus tard, on l\u2019appelle d\u00e9j\u00e0 \u00ab Gildas le sage \u00bb. Ce qui le caract\u00e9rise ? Son humilit\u00e9 extr\u00eame, une grande douceur, une admirable patience, une tendre d\u00e9votion, une immense charit\u00e9.<br>Sa r\u00e9putation de saint homme est si grande que le roi d\u2019Irlande le fait venir&nbsp;: il fonde des monast\u00e8res, des \u00e9coles, instruit la jeunesse, pr\u00eache en tous lieux, accomplit des gu\u00e9risons.<\/p>\n\n\n\n<p>Dans la pri\u00e8re, Dieu lui r\u00e9v\u00e8le son d\u00e9part en Armorique. Il s\u2019embarque avec quelques-uns de ses fr\u00e8res moines, ils accostent sur les c\u00f4tes de Bretagne. Arriv\u00e9 en Armorique, Gildas retrouve certains de ses amis et disciples, Cado, Samson et Pol.<\/p>\n\n\n<div class=\"wp-block-image\">\n<figure class=\"aligncenter size-full\"><img loading=\"lazy\" decoding=\"async\" width=\"249\" height=\"455\" src=\"https:\/\/paroisse-auray-pluneret.fr\/wp-content\/uploads\/2025\/01\/image-15.png\" alt=\"\" class=\"wp-image-651\" srcset=\"https:\/\/paroisse-auray-pluneret.fr\/wp-content\/uploads\/2025\/01\/image-15.png 249w, https:\/\/paroisse-auray-pluneret.fr\/wp-content\/uploads\/2025\/01\/image-15-164x300.png 164w\" sizes=\"auto, (max-width: 249px) 100vw, 249px\" \/><\/figure>\n<\/div>\n\n\n<p>Mais le saint homme recherche la solitude : il se retire sur l\u2019\u00eele d\u2019Houat pour prier, contempler et \u00e9tudier l\u2019\u00e9criture sainte.<\/p>\n\n\n\n<p>A trente ans, Gildas s\u2019installe avec ses disciples sur la presqu\u2019\u00eele de Rhuys : la communaut\u00e9 de Gildas est n\u00e9e. Ensemble ils construisent une abbaye, une \u00e9cole et une tr\u00e8s grande infirmerie.<\/p>\n\n\n\n<p>Trop de monde, trop d\u2019agitation : Gildas quitte la presqu\u2019\u00eele avec un de ses compagnons, Bieuzy. Tous deux se retirent sur les bords du Blavet \u00e0 quelques kilom\u00e8tres de Pontivy.<\/p>\n\n\n\n<p>Ils vivent l\u00e0 en ermites, d\u2019autres fr\u00e8res du monast\u00e8re les rejoignent et tr\u00e8s vite l\u2019endroit devient trop petit.<\/p>\n\n\n\n<p>Gildas sans se lasser instruit, parle de Dieu, du Salut, accueille tous ceux qui se pr\u00e9sentent, prend soin d\u2019eux avec grande charit\u00e9.<\/p>\n\n\n\n<p>Le comte de Vannes, Gu\u00e9rech et sa fille Tr\u00e9phine rencontrent souvent le saint homme.<\/p>\n\n\n\n<p>En Cornouaille vit un autre seigneur, cruel et puissant, Conomor. Parce qu\u2019une proph\u00e9tie pr\u00e9tendait qu&rsquo;il mourrait tu\u00e9 par son fils, il prenait les devants et on lui comptait d\u00e9j\u00e0 six \u00e9pouses assassin\u00e9es de ses propres mains. Gu\u00e9rech, n&rsquo;ayant pas os\u00e9 s&rsquo;opposer \u00e0 ce puissant seigneur, accepta ce mariage. Et d\u00e8s que Tr\u00e9phine fut enceinte, Conomor lui trancha la t\u00eate.<\/p>\n\n\n\n<p>Par l\u2019intercession de Gildas, Tr\u00e9phine revint \u00e0 la vie et, selon la l\u00e9gende, Gildas lan\u00e7a alors une pluie de pierres sur la forteresse de Conomor&nbsp;qui s&rsquo;effondra sur son monstrueux seigneur.<\/p>\n\n\n\n<p>Gildas rentre dans son monast\u00e8re \u00e0 Rhuys, il \u00e9crit, il enseigne, il gu\u00e9rit\u2026 il vieillit. Sentant venir sa fin, il abandonne la responsabilit\u00e9 du monast\u00e8re et part avec quelques moines sur l\u2019\u00eele d\u2019Houat dans son ermitage.&nbsp; C\u2019est l\u00e0 qu\u2019il meurt \u00e0 l\u2019\u00e2ge de 72 ans le 29 janvier de l\u2019an 565.<\/p>\n\n\n\n<p>Comme il l\u2019avait demand\u00e9, ses disciples d\u00e9posent son corps dans une barque et la laissent aller. Le 11 mai, alors que les moines de Rhuys se rendent en procession, \u00e0 un petit oratoire la mer au Crouesty, ils aper\u00e7oivent dans une crique sur le sable, au sec, une barque. Y repose le corps de Saint Gildas, intact comme s\u2019il venait de mourir !<\/p>\n\n\n\n<p>Les moines l\u2019emportent et l\u2019enterrent solennellement dans la chapelle de l\u2019abbaye de Rhuys&#8230;<\/p>\n\n\n<div class=\"wp-block-image\">\n<figure class=\"aligncenter size-full\"><img loading=\"lazy\" decoding=\"async\" width=\"505\" height=\"329\" src=\"https:\/\/paroisse-auray-pluneret.fr\/wp-content\/uploads\/2025\/01\/image-16.png\" alt=\"\" class=\"wp-image-653\" srcset=\"https:\/\/paroisse-auray-pluneret.fr\/wp-content\/uploads\/2025\/01\/image-16.png 505w, https:\/\/paroisse-auray-pluneret.fr\/wp-content\/uploads\/2025\/01\/image-16-300x195.png 300w\" sizes=\"auto, (max-width: 505px) 100vw, 505px\" \/><\/figure>\n<\/div>","protected":false},"excerpt":{"rendered":"<p>Gildas est n\u00e9 en Ecosse vers 493. Il re\u00e7oit le bapt\u00eame \u00e0 7 ans. Son p\u00e8re l\u2019envoie \u00e0 l\u2019\u00e9cole au monast\u00e8re d\u2019Ildut au Pays de Galles. Il joue et s\u2019instruit avec de futurs grands saints, comme Samson, Pol, Bieuzy. A quinze ans, il \u00e9tudie la philosophie et la th\u00e9ologie et demande l\u2019habit de moine. Il<a class=\"more-link\" href=\"https:\/\/paroisse-auray-pluneret.fr\/index.php\/eglise-st-gildas\/\">Lire la suite <span class=\"screen-reader-text\">\u00ab\u00a0Eglise St Gildas\u00a0\u00bb<\/span><\/a><\/p>\n","protected":false},"author":2,"featured_media":0,"parent":0,"menu_order":0,"comment_status":"closed","ping_status":"closed","template":"","meta":{"_eb_attr":"","iawp_total_views":85,"footnotes":""},"class_list":["post-361","page","type-page","status-publish","hentry","entry"],"_links":{"self":[{"href":"https:\/\/paroisse-auray-pluneret.fr\/index.php\/wp-json\/wp\/v2\/pages\/361","targetHints":{"allow":["GET"]}}],"collection":[{"href":"https:\/\/paroisse-auray-pluneret.fr\/index.php\/wp-json\/wp\/v2\/pages"}],"about":[{"href":"https:\/\/paroisse-auray-pluneret.fr\/index.php\/wp-json\/wp\/v2\/types\/page"}],"author":[{"embeddable":true,"href":"https:\/\/paroisse-auray-pluneret.fr\/index.php\/wp-json\/wp\/v2\/users\/2"}],"replies":[{"embeddable":true,"href":"https:\/\/paroisse-auray-pluneret.fr\/index.php\/wp-json\/wp\/v2\/comments?post=361"}],"version-history":[{"count":3,"href":"https:\/\/paroisse-auray-pluneret.fr\/index.php\/wp-json\/wp\/v2\/pages\/361\/revisions"}],"predecessor-version":[{"id":655,"href":"https:\/\/paroisse-auray-pluneret.fr\/index.php\/wp-json\/wp\/v2\/pages\/361\/revisions\/655"}],"wp:attachment":[{"href":"https:\/\/paroisse-auray-pluneret.fr\/index.php\/wp-json\/wp\/v2\/media?parent=361"}],"curies":[{"name":"wp","href":"https:\/\/api.w.org\/{rel}","templated":true}]}}

<p>Gildas est né en Ecosse vers 493.</p>



<p>Il reçoit le baptême à 7 ans. Son père l’envoie à l’école au monastère d’Ildut au Pays de Galles. Il joue et s’instruit avec de futurs grands saints, comme Samson, Pol, Bieuzy.</p>



<p>A quinze ans, il étudie la philosophie et la théologie et demande l’habit de moine. Il vit comme un ascète, ne boit jamais de vin,</p>



<p>Quand Gildas devient prêtre, dix ans plus tard, on l’appelle déjà « Gildas le sage ». Ce qui le caractérise ? Son humilité extrême, une grande douceur, une admirable patience, une tendre dévotion, une immense charité.<br>Sa réputation de saint homme est si grande que le roi d’Irlande le fait venir&nbsp;: il fonde des monastères, des écoles, instruit la jeunesse, prêche en tous lieux, accomplit des guérisons.</p>



<p>Dans la prière, Dieu lui révèle son départ en Armorique. Il s’embarque avec quelques-uns de ses frères moines, ils accostent sur les côtes de Bretagne. Arrivé en Armorique, Gildas retrouve certains de ses amis et disciples, Cado, Samson et Pol.</p>


<div class="wp-block-image">
<figure class="aligncenter size-full"><img loading="lazy" decoding="async" width="249" height="455" src="https://paroisse-auray-pluneret.fr/wp-content/uploads/2025/01/image-15.png" alt="" class="wp-image-651" srcset="https://paroisse-auray-pluneret.fr/wp-content/uploads/2025/01/image-15.png 249w, https://paroisse-auray-pluneret.fr/wp-content/uploads/2025/01/image-15-164x300.png 164w" sizes="auto, (max-width: 249px) 100vw, 249px" /></figure>
</div>


<p>Mais le saint homme recherche la solitude : il se retire sur l’île d’Houat pour prier, contempler et étudier l’écriture sainte.</p>



<p>A trente ans, Gildas s’installe avec ses disciples sur la presqu’île de Rhuys : la communauté de Gildas est née. Ensemble ils construisent une abbaye, une école et une très grande infirmerie.</p>



<p>Trop de monde, trop d’agitation : Gildas quitte la presqu’île avec un de ses compagnons, Bieuzy. Tous deux se retirent sur les bords du Blavet à quelques kilomètres de Pontivy.</p>



<p>Ils vivent là en ermites, d’autres frères du monastère les rejoignent et très vite l’endroit devient trop petit.</p>



<p>Gildas sans se lasser instruit, parle de Dieu, du Salut, accueille tous ceux qui se présentent, prend soin d’eux avec grande charité.</p>



<p>Le comte de Vannes, Guérech et sa fille Tréphine rencontrent souvent le saint homme.</p>



<p>En Cornouaille vit un autre seigneur, cruel et puissant, Conomor. Parce qu’une prophétie prétendait qu&rsquo;il mourrait tué par son fils, il prenait les devants et on lui comptait déjà six épouses assassinées de ses propres mains. Guérech, n&rsquo;ayant pas osé s&rsquo;opposer à ce puissant seigneur, accepta ce mariage. Et dès que Tréphine fut enceinte, Conomor lui trancha la tête.</p>



<p>Par l’intercession de Gildas, Tréphine revint à la vie et, selon la légende, Gildas lança alors une pluie de pierres sur la forteresse de Conomor&nbsp;qui s&rsquo;effondra sur son monstrueux seigneur.</p>



<p>Gildas rentre dans son monastère à Rhuys, il écrit, il enseigne, il guérit… il vieillit. Sentant venir sa fin, il abandonne la responsabilité du monastère et part avec quelques moines sur l’île d’Houat dans son ermitage.&nbsp; C’est là qu’il meurt à l’âge de 72 ans le 29 janvier de l’an 565.</p>



<p>Comme il l’avait demandé, ses disciples déposent son corps dans une barque et la laissent aller. Le 11 mai, alors que les moines de Rhuys se rendent en procession, à un petit oratoire la mer au Crouesty, ils aperçoivent dans une crique sur le sable, au sec, une barque. Y repose le corps de Saint Gildas, intact comme s’il venait de mourir !</p>



<p>Les moines l’emportent et l’enterrent solennellement dans la chapelle de l’abbaye de Rhuys&#8230;</p>


<div class="wp-block-image">
<figure class="aligncenter size-full"><img loading="lazy" decoding="async" width="505" height="329" src="https://paroisse-auray-pluneret.fr/wp-content/uploads/2025/01/image-16.png" alt="" class="wp-image-653" srcset="https://paroisse-auray-pluneret.fr/wp-content/uploads/2025/01/image-16.png 505w, https://paroisse-auray-pluneret.fr/wp-content/uploads/2025/01/image-16-300x195.png 300w" sizes="auto, (max-width: 505px) 100vw, 505px" /></figure>
</div>

<p>Gildas est né en Ecosse vers 493. Il reçoit le baptême à 7 ans. Son père l’envoie à l’école au monastère d’Ildut au Pays de Galles. Il joue et s’instruit avec de futurs grands saints, comme Samson, Pol, Bieuzy. A quinze ans, il étudie la philosophie et la théologie et demande l’habit de moine. Il<a class="more-link" href="https://paroisse-auray-pluneret.fr/index.php/eglise-st-gildas/">Lire la suite <span class="screen-reader-text">« Eglise St Gildas »</span></a></p>
