{"id":353,"date":"2025-01-13T11:36:30","date_gmt":"2025-01-13T10:36:30","guid":{"rendered":"https:\/\/paroisse-auray-pluneret.fr\/?page_id=353"},"modified":"2025-02-28T17:22:58","modified_gmt":"2025-02-28T16:22:58","slug":"obseques","status":"publish","type":"page","link":"https:\/\/paroisse-auray-pluneret.fr\/index.php\/obseques\/","title":{"rendered":"Obs\u00e8ques"},"content":{"rendered":"\n<p><em>\u201cFr\u00e8res, nous ne voulons pas vous laisser dans l\u2019ignorance au sujet de ceux qui se sont endormis dans la mort, il ne faut pas que vous soyez abattus comme les autres, qui n\u2019ont pas d\u2019esp\u00e9rance. J\u00e9sus, nous le croyons, est mort et ressuscit\u00e9 ; de m\u00eame, nous le croyons ceux qui se sont endormis, Dieu, \u00e0 cause de J\u00e9sus, les emm\u00e8nera avec lui. Ainsi nous serons pour toujours avec le Seigneur. R\u00e9confortez-vous donc les uns les autres avec ce que je viens de dire.<\/em>\u201d<\/p>\n\n\n\n<p class=\"has-text-align-right has-small-font-size\">1\u00e8re Lettre aux Thessaloniciens<br>4, 13-14.17d-18<\/p>\n\n\n\n<p>L\u2019un de vos proches vient de vous quitter. L\u2019\u00e9quipe d\u2019obs\u00e8ques de notre paroisse est l\u00e0 pour vous accompagner fraternellement par la pri\u00e8re et vous aider \u00e0 vivre un bel hommage. Elle souhaite vous partager la lumi\u00e8re du Christ mort et Ressuscit\u00e9 comme une douce Consolation et une Esp\u00e9rance qui r\u00e9conforte.<\/p>\n\n\n\n<p>Le plus souvent les obs\u00e8ques sont c\u00e9l\u00e9br\u00e9es sans eucharistie : celle-ci est report\u00e9e au dimanche suivant (messe d\u2019octave) avec toute la communaut\u00e9 paroissiale. Si toutefois le\/la d\u00e9funt(e) \u00e9tait pratiquant(e) et si la famille du d\u00e9funt l\u2019est aussi dans une bonne part, il est possible, en accord avec les pr\u00eatres et selon leur disponibilit\u00e9, de c\u00e9l\u00e9brer l\u2019eucharistie.<\/p>\n\n\n\n<p>Lors de la r\u00e9union de pr\u00e9paration, vous serez invit\u00e9s \u00e0 r\u00e9fl\u00e9chir \u00e0 une \u00e9vocation de la vie de la personne d\u00e9funte. Cette prise de parole pourra \u00eatre faite par le c\u00e9l\u00e9brant ou par un membre de la famille.<\/p>\n\n\n\n<p>Joindre si besoin l&rsquo;accueil de la paroisse au 02 97 24 04 64.<\/p>\n","protected":false},"excerpt":{"rendered":"<p>\u201cFr\u00e8res, nous ne voulons pas vous laisser dans l\u2019ignorance au sujet de ceux qui se sont endormis dans la mort, il ne faut pas que vous soyez abattus comme les autres, qui n\u2019ont pas d\u2019esp\u00e9rance. J\u00e9sus, nous le croyons, est mort et ressuscit\u00e9 ; de m\u00eame, nous le croyons ceux qui se sont endormis, Dieu,<a class=\"more-link\" href=\"https:\/\/paroisse-auray-pluneret.fr\/index.php\/obseques\/\">Lire la suite <span class=\"screen-reader-text\">\u00ab\u00a0Obs\u00e8ques\u00a0\u00bb<\/span><\/a><\/p>\n","protected":false},"author":2,"featured_media":0,"parent":0,"menu_order":0,"comment_status":"closed","ping_status":"closed","template":"","meta":{"_eb_attr":"","iawp_total_views":77,"footnotes":""},"class_list":["post-353","page","type-page","status-publish","hentry","entry"],"_links":{"self":[{"href":"https:\/\/paroisse-auray-pluneret.fr\/index.php\/wp-json\/wp\/v2\/pages\/353","targetHints":{"allow":["GET"]}}],"collection":[{"href":"https:\/\/paroisse-auray-pluneret.fr\/index.php\/wp-json\/wp\/v2\/pages"}],"about":[{"href":"https:\/\/paroisse-auray-pluneret.fr\/index.php\/wp-json\/wp\/v2\/types\/page"}],"author":[{"embeddable":true,"href":"https:\/\/paroisse-auray-pluneret.fr\/index.php\/wp-json\/wp\/v2\/users\/2"}],"replies":[{"embeddable":true,"href":"https:\/\/paroisse-auray-pluneret.fr\/index.php\/wp-json\/wp\/v2\/comments?post=353"}],"version-history":[{"count":5,"href":"https:\/\/paroisse-auray-pluneret.fr\/index.php\/wp-json\/wp\/v2\/pages\/353\/revisions"}],"predecessor-version":[{"id":1103,"href":"https:\/\/paroisse-auray-pluneret.fr\/index.php\/wp-json\/wp\/v2\/pages\/353\/revisions\/1103"}],"wp:attachment":[{"href":"https:\/\/paroisse-auray-pluneret.fr\/index.php\/wp-json\/wp\/v2\/media?parent=353"}],"curies":[{"name":"wp","href":"https:\/\/api.w.org\/{rel}","templated":true}]}}

Obsèques

<p><em>“Frères, nous ne voulons pas vous laisser dans l’ignorance au sujet de ceux qui se sont endormis dans la mort, il ne faut pas que vous soyez abattus comme les autres, qui n’ont pas d’espérance. Jésus, nous le croyons, est mort et ressuscité ; de même, nous le croyons ceux qui se sont endormis, Dieu, à cause de Jésus, les emmènera avec lui. Ainsi nous serons pour toujours avec le Seigneur. Réconfortez-vous donc les uns les autres avec ce que je viens de dire.</em>”</p>



<p class="has-text-align-right has-small-font-size">1ère Lettre aux Thessaloniciens<br>4, 13-14.17d-18</p>



<p>L’un de vos proches vient de vous quitter. L’équipe d’obsèques de notre paroisse est là pour vous accompagner fraternellement par la prière et vous aider à vivre un bel hommage. Elle souhaite vous partager la lumière du Christ mort et Ressuscité comme une douce Consolation et une Espérance qui réconforte.</p>



<p>Le plus souvent les obsèques sont célébrées sans eucharistie : celle-ci est reportée au dimanche suivant (messe d’octave) avec toute la communauté paroissiale. Si toutefois le/la défunt(e) était pratiquant(e) et si la famille du défunt l’est aussi dans une bonne part, il est possible, en accord avec les prêtres et selon leur disponibilité, de célébrer l’eucharistie.</p>



<p>Lors de la réunion de préparation, vous serez invités à réfléchir à une évocation de la vie de la personne défunte. Cette prise de parole pourra être faite par le célébrant ou par un membre de la famille.</p>



<p>Joindre si besoin l&rsquo;accueil de la paroisse au 02 97 24 04 64.</p>

<p>“Frères, nous ne voulons pas vous laisser dans l’ignorance au sujet de ceux qui se sont endormis dans la mort, il ne faut pas que vous soyez abattus comme les autres, qui n’ont pas d’espérance. Jésus, nous le croyons, est mort et ressuscité ; de même, nous le croyons ceux qui se sont endormis, Dieu,<a class="more-link" href="https://paroisse-auray-pluneret.fr/index.php/obseques/">Lire la suite <span class="screen-reader-text">« Obsèques »</span></a></p>
