{"id":296,"date":"2025-01-12T21:16:17","date_gmt":"2025-01-12T20:16:17","guid":{"rendered":"https:\/\/paroisse-auray-pluneret.fr\/?page_id=296"},"modified":"2025-02-28T17:29:20","modified_gmt":"2025-02-28T16:29:20","slug":"partager-et-servir2","status":"publish","type":"page","link":"https:\/\/paroisse-auray-pluneret.fr\/index.php\/partager-et-servir2\/","title":{"rendered":"Partager et servir 2"},"content":{"rendered":"\n<p>Il existe de nombreux mouvements et associations tr\u00e8s actifs : <em>n&rsquo;\u2019h\u00e9sitez pas \u00e0 les contacter pour vous mettre au service des autres ou \u00eatre accompagn\u00e9.<\/em><\/p>\n\n\n\n<h3 class=\"wp-block-heading\">Aum\u00f4nerie de l\u2019h\u00f4pital Bretagne Atlantique<\/h3>\n\n\n\n<p>Le Pratel \u2013 56 400 Auray<br><em>Contact: Marie-Pierre G\u00e9nissel \u2013 02 97 29 20 50 ou 06 60 66 34 15<\/em><br><em>aumonerie.pratel@ch-bretagne-atlantique.fr<\/em><\/p>\n\n\n\n<h3 class=\"wp-block-heading\">Aum\u00f4nerie de l\u2019Association Gabriel Deshayes<\/h3>\n\n\n\n<p>Favoriser l\u2019\u00e9panouissement et l\u2019approfondissement de la foi des r\u00e9sidents du Foyer Pipark et de la R\u00e9sidence Liorzig.<br><em>Nathalie Plaisse \u2013 T\u00e9l. 06 87 22 87 95 \u2013 aumoneriecgd@gmail.com<\/em><\/p>\n\n\n\n<h3 class=\"wp-block-heading\">La Belle Porte<\/h3>\n\n\n\n<p>Accueil d\u2019adultes atteints de d\u00e9\ufb01ciences mentales. Avec une belle id\u00e9e comme moteur : cr\u00e9er une communaut\u00e9 de vie dans un cadre de travail familial et artisanal.&nbsp;&nbsp;&nbsp;&nbsp;&nbsp;&nbsp;&nbsp;&nbsp;&nbsp;&nbsp;&nbsp;&nbsp; &nbsp;&nbsp; &nbsp;&nbsp; &nbsp;&nbsp; &nbsp;<a href=\"http:\/\/labelleporte.fr\" target=\"_blank\" rel=\"noreferrer noopener\"><em><strong>Plus d\u2019infos<\/strong><\/em><\/a><br><em>Contact: Johanna de Rochefort&nbsp; \u2013&nbsp; 07 87 12 11 62&nbsp; \u2013 labelleporte56@gmail.com \u2013<br><\/em><\/p>\n\n\n\n<h3 class=\"wp-block-heading\">Conf\u00e9rence Saint-Vincent de Paul<\/h3>\n\n\n\n<p>Mouvement catholique \u00e0 \ufb01nalit\u00e9 caritative. Aide aux plus d\u00e9munis et aux personnes en grande solitude. Qu\u00eate nationale Soci\u00e9t\u00e9 Saint-Vincent de Paul.&nbsp;&nbsp;&nbsp;&nbsp;&nbsp;&nbsp;&nbsp;&nbsp;&nbsp;&nbsp; <em>&nbsp;<a href=\"https:\/\/paroisses-pays-auray.fr\/pour-aimer-partager-servir-2-equipes-au-taquet\/\" target=\"_blank\" rel=\"noreferrer noopener\"><strong> Plus d\u2019infos<\/strong><\/a><br>Contact: le pr\u00e9sident, Eric de Wolbock \u2013 07.55.21.67.53 \u2013 eric.de.wolbock@me.com<\/em><\/p>\n\n\n\n<p><\/p>\n\n\n\n<h3 class=\"wp-block-heading\">Le service \u00e9vang\u00e9lique des malades<\/h3>\n\n\n<div class=\"wp-block-image\">\n<figure class=\"alignright\"><img decoding=\"async\" src=\"https:\/\/paroisses-pays-auray.fr\/wp-content\/uploads\/2022\/03\/service-malades-300x217.jpg\" alt=\"\" class=\"wp-image-16951\"\/><\/figure>\n<\/div>\n\n\n<p>Le Service Evang\u00e9lique des Malades est une pr\u00e9sence d\u2019\u00c9glise aupr\u00e8s des personnes \u00e2g\u00e9es, isol\u00e9es, malades ou handicap\u00e9es. Le Service paroissial de Visites rencontre toute personne signal\u00e9e ou qui en fait appel.<\/p>\n\n\n\n<p>N\u2019h\u00e9sitez pas \u00e0 les rejoindre et\/ou \u00e0 signaler toute personne en difficult\u00e9 pour qu\u2019elle puisse \u00eatre visit\u00e9e !<\/p>\n\n\n\n<p><a href=\"https:\/\/www.vannes.catholique.fr\/service-paroissial-de-visite-des-malades-2\/\" target=\"_blank\" rel=\"noreferrer noopener\"><em><strong>Plus d\u2019infos<\/strong><\/em><\/a><\/p>\n\n\n\n<p><em>Contact: Marie-Fran\u00e7oise et Gaston Riguidel \u2013 02.97.56.46.49 ou 06.87.02.69.42<\/em>.<\/p>\n\n\n\n<h3 class=\"wp-block-heading\">Association St\u00e9phane Bouillon<\/h3>\n\n\n\n<p>Pr\u00e9sence et accueil aupr\u00e8s des personnes sans domicile ou en situation de pr\u00e9carit\u00e9. Aide \u00e0 la vie quotidienne. Partenariat avec les associations alr\u00e9ennes. Distribution alimentaire et organisation de repas festifs. Aupr\u00e8s des personnes sans abri, et en grande difficult\u00e9 de vie.<br><em>Contact: Patrick Le Galliot, diacre \u2013&nbsp; 02 97 56 32 95&nbsp;&nbsp;&nbsp; <a href=\"https:\/\/fr-fr.facebook.com\/associationstephanebouillon\" target=\"_blank\" rel=\"noreferrer noopener\"><strong>Facebook<\/strong><\/a><br><\/em><\/p>\n\n\n\n<p><\/p>\n","protected":false},"excerpt":{"rendered":"<p>Il existe de nombreux mouvements et associations tr\u00e8s actifs : n&rsquo;\u2019h\u00e9sitez pas \u00e0 les contacter pour vous mettre au service des autres ou \u00eatre accompagn\u00e9. Aum\u00f4nerie de l\u2019h\u00f4pital Bretagne Atlantique Le Pratel \u2013 56 400 AurayContact: Marie-Pierre G\u00e9nissel \u2013 02 97 29 20 50 ou 06 60 66 34 15aumonerie.pratel@ch-bretagne-atlantique.fr Aum\u00f4nerie de l\u2019Association Gabriel Deshayes<a class=\"more-link\" href=\"https:\/\/paroisse-auray-pluneret.fr\/index.php\/partager-et-servir2\/\">Lire la suite <span class=\"screen-reader-text\">\u00ab\u00a0Partager et servir 2\u00a0\u00bb<\/span><\/a><\/p>\n","protected":false},"author":2,"featured_media":0,"parent":0,"menu_order":0,"comment_status":"closed","ping_status":"closed","template":"","meta":{"_eb_attr":"","iawp_total_views":66,"footnotes":""},"class_list":["post-296","page","type-page","status-publish","hentry","entry"],"_links":{"self":[{"href":"https:\/\/paroisse-auray-pluneret.fr\/index.php\/wp-json\/wp\/v2\/pages\/296","targetHints":{"allow":["GET"]}}],"collection":[{"href":"https:\/\/paroisse-auray-pluneret.fr\/index.php\/wp-json\/wp\/v2\/pages"}],"about":[{"href":"https:\/\/paroisse-auray-pluneret.fr\/index.php\/wp-json\/wp\/v2\/types\/page"}],"author":[{"embeddable":true,"href":"https:\/\/paroisse-auray-pluneret.fr\/index.php\/wp-json\/wp\/v2\/users\/2"}],"replies":[{"embeddable":true,"href":"https:\/\/paroisse-auray-pluneret.fr\/index.php\/wp-json\/wp\/v2\/comments?post=296"}],"version-history":[{"count":13,"href":"https:\/\/paroisse-auray-pluneret.fr\/index.php\/wp-json\/wp\/v2\/pages\/296\/revisions"}],"predecessor-version":[{"id":1105,"href":"https:\/\/paroisse-auray-pluneret.fr\/index.php\/wp-json\/wp\/v2\/pages\/296\/revisions\/1105"}],"wp:attachment":[{"href":"https:\/\/paroisse-auray-pluneret.fr\/index.php\/wp-json\/wp\/v2\/media?parent=296"}],"curies":[{"name":"wp","href":"https:\/\/api.w.org\/{rel}","templated":true}]}}

<p>Il existe de nombreux mouvements et associations très actifs : <em>n&rsquo;’hésitez pas à les contacter pour vous mettre au service des autres ou être accompagné.</em></p>



<h3 class="wp-block-heading">Aumônerie de l’hôpital Bretagne Atlantique</h3>



<p>Le Pratel – 56 400 Auray<br><em>Contact: Marie-Pierre Génissel – 02 97 29 20 50 ou 06 60 66 34 15</em><br><em>aumonerie.pratel@ch-bretagne-atlantique.fr</em></p>



<h3 class="wp-block-heading">Aumônerie de l’Association Gabriel Deshayes</h3>



<p>Favoriser l’épanouissement et l’approfondissement de la foi des résidents du Foyer Pipark et de la Résidence Liorzig.<br><em>Nathalie Plaisse – Tél. 06 87 22 87 95 – aumoneriecgd@gmail.com</em></p>



<h3 class="wp-block-heading">La Belle Porte</h3>



<p>Accueil d’adultes atteints de déﬁciences mentales. Avec une belle idée comme moteur : créer une communauté de vie dans un cadre de travail familial et artisanal.&nbsp;&nbsp;&nbsp;&nbsp;&nbsp;&nbsp;&nbsp;&nbsp;&nbsp;&nbsp;&nbsp;&nbsp; &nbsp;&nbsp; &nbsp;&nbsp; &nbsp;&nbsp; &nbsp;<a href="http://labelleporte.fr" target="_blank" rel="noreferrer noopener"><em><strong>Plus d’infos</strong></em></a><br><em>Contact: Johanna de Rochefort&nbsp; –&nbsp; 07 87 12 11 62&nbsp; – labelleporte56@gmail.com –<br></em></p>



<h3 class="wp-block-heading">Conférence Saint-Vincent de Paul</h3>



<p>Mouvement catholique à ﬁnalité caritative. Aide aux plus démunis et aux personnes en grande solitude. Quête nationale Société Saint-Vincent de Paul.&nbsp;&nbsp;&nbsp;&nbsp;&nbsp;&nbsp;&nbsp;&nbsp;&nbsp;&nbsp; <em>&nbsp;<a href="https://paroisses-pays-auray.fr/pour-aimer-partager-servir-2-equipes-au-taquet/" target="_blank" rel="noreferrer noopener"><strong> Plus d’infos</strong></a><br>Contact: le président, Eric de Wolbock – 07.55.21.67.53 – eric.de.wolbock@me.com</em></p>



<p></p>



<h3 class="wp-block-heading">Le service évangélique des malades</h3>


<div class="wp-block-image">
<figure class="alignright"><img decoding="async" src="https://paroisses-pays-auray.fr/wp-content/uploads/2022/03/service-malades-300x217.jpg" alt="" class="wp-image-16951"/></figure>
</div>


<p>Le Service Evangélique des Malades est une présence d’Église auprès des personnes âgées, isolées, malades ou handicapées. Le Service paroissial de Visites rencontre toute personne signalée ou qui en fait appel.</p>



<p>N’hésitez pas à les rejoindre et/ou à signaler toute personne en difficulté pour qu’elle puisse être visitée !</p>



<p><a href="https://www.vannes.catholique.fr/service-paroissial-de-visite-des-malades-2/" target="_blank" rel="noreferrer noopener"><em><strong>Plus d’infos</strong></em></a></p>



<p><em>Contact: Marie-Françoise et Gaston Riguidel – 02.97.56.46.49 ou 06.87.02.69.42</em>.</p>



<h3 class="wp-block-heading">Association Stéphane Bouillon</h3>



<p>Présence et accueil auprès des personnes sans domicile ou en situation de précarité. Aide à la vie quotidienne. Partenariat avec les associations alréennes. Distribution alimentaire et organisation de repas festifs. Auprès des personnes sans abri, et en grande difficulté de vie.<br><em>Contact: Patrick Le Galliot, diacre –&nbsp; 02 97 56 32 95&nbsp;&nbsp;&nbsp; <a href="https://fr-fr.facebook.com/associationstephanebouillon" target="_blank" rel="noreferrer noopener"><strong>Facebook</strong></a><br></em></p>



<p></p>

<p>Il existe de nombreux mouvements et associations très actifs : n&rsquo;’hésitez pas à les contacter pour vous mettre au service des autres ou être accompagné. Aumônerie de l’hôpital Bretagne Atlantique Le Pratel – 56 400 AurayContact: Marie-Pierre Génissel – 02 97 29 20 50 ou 06 60 66 34 15aumonerie.pratel@ch-bretagne-atlantique.fr Aumônerie de l’Association Gabriel Deshayes<a class="more-link" href="https://paroisse-auray-pluneret.fr/index.php/partager-et-servir2/">Lire la suite <span class="screen-reader-text">« Partager et servir 2 »</span></a></p>
