{"id":290,"date":"2025-01-12T21:05:52","date_gmt":"2025-01-12T20:05:52","guid":{"rendered":"https:\/\/paroisse-auray-pluneret.fr\/?page_id=290"},"modified":"2026-02-14T13:52:05","modified_gmt":"2026-02-14T12:52:05","slug":"confirmation","status":"publish","type":"page","link":"https:\/\/paroisse-auray-pluneret.fr\/index.php\/confirmation\/","title":{"rendered":"Confirmation"},"content":{"rendered":"<div class=\"wp-block-image\">\n<figure class=\"alignleft\"><img decoding=\"async\" src=\"https:\/\/paroisses-pays-auray.fr\/wp-content\/uploads\/2024\/03\/Timadeuc10-225x300.jpg\" alt=\"\" class=\"wp-image-25882\"\/><\/figure>\n<\/div>\n\n<div class=\"wp-block-image\">\n<figure class=\"alignleft\"><img decoding=\"async\" src=\"https:\/\/paroisses-pays-auray.fr\/wp-content\/uploads\/2023\/05\/DSC04747-300x225.jpg\" alt=\"\" class=\"wp-image-22424\"\/><\/figure>\n<\/div>\n\n<div class=\"wp-block-image\">\n<figure class=\"alignleft\"><img decoding=\"async\" src=\"https:\/\/paroisses-pays-auray.fr\/wp-content\/uploads\/2018\/11\/Jeunes-Taiz\u00e9-ciric-200x300.jpg\" alt=\"\" class=\"wp-image-2426\"\/><\/figure>\n<\/div>\n\n\n<p><strong>Pr\u00e9paration au sacrement de la confirmation.<\/strong><\/p>\n\n\n\n<p>Ce sacrement fait partie des 3 sacrements de l\u2019initiation avec le bapt\u00eame et l\u2019eucharistie (communion)<img loading=\"lazy\" decoding=\"async\" src=\"https:\/\/paroisses-pays-auray.fr\/wp-content\/uploads\/2021\/05\/imposition-des-mains-confirmation-2021-e1621886128626.jpg\" alt=\"\" width=\"3\" height=\"3\"><\/p>\n\n\n<div class=\"wp-block-image\">\n<figure class=\"alignright\"><img decoding=\"async\" src=\"https:\/\/paroisses-pays-auray.fr\/wp-content\/uploads\/2017\/02\/confirmation.jpg\" alt=\"\" class=\"wp-image-1574\"\/><\/figure>\n<\/div>\n\n\n<p>Le baptis\u00e9 re\u00e7oit la force de l\u2019Esprit-Saint. Il devient un t\u00e9moin confirm\u00e9!<\/p>\n\n\n\n<p>Le sacrement de la confirmation se pr\u00e9pare dans chaque communaut\u00e9 de paroisses, pour les enfants et les jeunes. Des temps forts rassemblent, de temps en temps dans l\u2019ann\u00e9e, tous les futurs confirm\u00e9s.<\/p>\n\n\n\n<p>Il n\u2019y a pas d\u2019\u00e2ge pour recevoir ce sacrement. Les adultes sont accompagn\u00e9s par une \u00e9quipe \u00e0 Auray.<\/p>\n\n\n\n<p class=\"has-text-align-right\"><em>Marion Van Rhijn \u2013 <\/em><em>Coordinatrice \u2013 <\/em><em>T\u00e9l. 06 71 77 21 54<\/em><\/p>\n\n\n\n<hr class=\"wp-block-separator alignfull has-text-color has-primary-color has-alpha-channel-opacity has-primary-background-color has-background is-style-wide\"\/>\n\n\n\n<p><em>.<br><\/em><\/p>\n","protected":false},"excerpt":{"rendered":"<p>Pr\u00e9paration au sacrement de la confirmation. Ce sacrement fait partie des 3 sacrements de l\u2019initiation avec le bapt\u00eame et l\u2019eucharistie (communion) Le baptis\u00e9 re\u00e7oit la force de l\u2019Esprit-Saint. Il devient un t\u00e9moin confirm\u00e9! Le sacrement de la confirmation se pr\u00e9pare dans chaque communaut\u00e9 de paroisses, pour les enfants et les jeunes. Des temps forts rassemblent,<a class=\"more-link\" href=\"https:\/\/paroisse-auray-pluneret.fr\/index.php\/confirmation\/\">Lire la suite <span class=\"screen-reader-text\">\u00ab\u00a0Confirmation\u00a0\u00bb<\/span><\/a><\/p>\n","protected":false},"author":2,"featured_media":0,"parent":0,"menu_order":0,"comment_status":"closed","ping_status":"closed","template":"","meta":{"_eb_attr":"","iawp_total_views":29,"footnotes":""},"class_list":["post-290","page","type-page","status-publish","hentry","entry"],"_links":{"self":[{"href":"https:\/\/paroisse-auray-pluneret.fr\/index.php\/wp-json\/wp\/v2\/pages\/290","targetHints":{"allow":["GET"]}}],"collection":[{"href":"https:\/\/paroisse-auray-pluneret.fr\/index.php\/wp-json\/wp\/v2\/pages"}],"about":[{"href":"https:\/\/paroisse-auray-pluneret.fr\/index.php\/wp-json\/wp\/v2\/types\/page"}],"author":[{"embeddable":true,"href":"https:\/\/paroisse-auray-pluneret.fr\/index.php\/wp-json\/wp\/v2\/users\/2"}],"replies":[{"embeddable":true,"href":"https:\/\/paroisse-auray-pluneret.fr\/index.php\/wp-json\/wp\/v2\/comments?post=290"}],"version-history":[{"count":5,"href":"https:\/\/paroisse-auray-pluneret.fr\/index.php\/wp-json\/wp\/v2\/pages\/290\/revisions"}],"predecessor-version":[{"id":2150,"href":"https:\/\/paroisse-auray-pluneret.fr\/index.php\/wp-json\/wp\/v2\/pages\/290\/revisions\/2150"}],"wp:attachment":[{"href":"https:\/\/paroisse-auray-pluneret.fr\/index.php\/wp-json\/wp\/v2\/media?parent=290"}],"curies":[{"name":"wp","href":"https:\/\/api.w.org\/{rel}","templated":true}]}}

<div class="wp-block-image">
<figure class="alignleft"><img decoding="async" src="https://paroisses-pays-auray.fr/wp-content/uploads/2024/03/Timadeuc10-225x300.jpg" alt="" class="wp-image-25882"/></figure>
</div>

<div class="wp-block-image">
<figure class="alignleft"><img decoding="async" src="https://paroisses-pays-auray.fr/wp-content/uploads/2023/05/DSC04747-300x225.jpg" alt="" class="wp-image-22424"/></figure>
</div>

<div class="wp-block-image">
<figure class="alignleft"><img decoding="async" src="https://paroisses-pays-auray.fr/wp-content/uploads/2018/11/Jeunes-Taizé-ciric-200x300.jpg" alt="" class="wp-image-2426"/></figure>
</div>


<p><strong>Préparation au sacrement de la confirmation.</strong></p>



<p>Ce sacrement fait partie des 3 sacrements de l’initiation avec le baptême et l’eucharistie (communion)<img loading="lazy" decoding="async" src="https://paroisses-pays-auray.fr/wp-content/uploads/2021/05/imposition-des-mains-confirmation-2021-e1621886128626.jpg" alt="" width="3" height="3"></p>


<div class="wp-block-image">
<figure class="alignright"><img decoding="async" src="https://paroisses-pays-auray.fr/wp-content/uploads/2017/02/confirmation.jpg" alt="" class="wp-image-1574"/></figure>
</div>


<p>Le baptisé reçoit la force de l’Esprit-Saint. Il devient un témoin confirmé!</p>



<p>Le sacrement de la confirmation se prépare dans chaque communauté de paroisses, pour les enfants et les jeunes. Des temps forts rassemblent, de temps en temps dans l’année, tous les futurs confirmés.</p>



<p>Il n’y a pas d’âge pour recevoir ce sacrement. Les adultes sont accompagnés par une équipe à Auray.</p>



<p class="has-text-align-right"><em>Marion Van Rhijn – </em><em>Coordinatrice – </em><em>Tél. 06 71 77 21 54</em></p>



<hr class="wp-block-separator alignfull has-text-color has-primary-color has-alpha-channel-opacity has-primary-background-color has-background is-style-wide"/>



<p><em>.<br></em></p>

<p>Préparation au sacrement de la confirmation. Ce sacrement fait partie des 3 sacrements de l’initiation avec le baptême et l’eucharistie (communion) Le baptisé reçoit la force de l’Esprit-Saint. Il devient un témoin confirmé! Le sacrement de la confirmation se prépare dans chaque communauté de paroisses, pour les enfants et les jeunes. Des temps forts rassemblent,<a class="more-link" href="https://paroisse-auray-pluneret.fr/index.php/confirmation/">Lire la suite <span class="screen-reader-text">« Confirmation »</span></a></p>
