{"id":151,"date":"2025-01-10T11:42:13","date_gmt":"2025-01-10T10:42:13","guid":{"rendered":"https:\/\/paroisse-auray-pluneret.fr\/?page_id=151"},"modified":"2025-12-30T13:31:22","modified_gmt":"2025-12-30T12:31:22","slug":"contacter-la-paroisse","status":"publish","type":"page","link":"https:\/\/paroisse-auray-pluneret.fr\/index.php\/contacter-la-paroisse\/","title":{"rendered":"Contacter la paroisse"},"content":{"rendered":"\n<h5 class=\"wp-block-heading\">Pour l\u2019ensemble paroissial d\u2019Auray-Pluneret, un accueil physique est assur\u00e9 \u00e0 Auray&nbsp;en deux lieux :<\/h5>\n\n\n\n<ul class=\"wp-block-list\">\n<li>au presbyt\u00e8re de l\u2019\u00e9glise Saint Gildas, 7 place Gabriel Deshayes (en face de l\u2019\u00e9glise).<br>Du lundi au samedi, de 10 h 00 \u00e0 12 h 00.&nbsp;T\u00e9l : 02 97 24 04 64<\/li>\n\n\n\n<li>\u00e0 l\u2019accueil de l\u2019\u00e9glise Charles de Blois, 15 rue Henri Dunant (en face de l\u2019\u00e9glise, pr\u00e8s de la gare).<br>Les mardi et vendredi de 9 h 30 \u00e0 11 h 30.&nbsp;T\u00e9l : 02 97 24 02 14<\/li>\n<\/ul>\n\n\n\n<p>Le <strong>secr\u00e9tariat<\/strong> :<\/p>\n\n\n\n<ul class=\"wp-block-list\">\n<li>est assur\u00e9 le mardi de 9 h 00 \u00e0 12 h 00 et le jeudi de 9 h 00 \u00e0 17 h 30<\/li>\n\n\n\n<li>courriel : <a href=\"mailto:secretariat@paroisse-auray-pluneret.fr\">secretariat@paroisse-auray-pluneret.fr<\/a><\/li>\n<\/ul>\n\n\n\n<p>En dehors de ces horaires, pour une demande urgente, vous pouvez appeler le 07 66 83 88 89<\/p>\n\n\n\n<p>Vous pouvez \u00e9galement utiliser le formulaire de contact ci dessous ; nous veillerons \u00e0 vous r\u00e9pondre dans les meilleurs d\u00e9lais :<\/p>\n\n\n\n<div class=\"wp-block-buttons is-content-justification-center is-layout-flex wp-container-core-buttons-is-layout-a89b3969 wp-block-buttons-is-layout-flex\">\n<div class=\"wp-block-button has-custom-width wp-block-button__width-50\"><a class=\"wp-block-button__link has-text-align-center wp-element-button\" href=\"https:\/\/paroisse-auray-pluneret.fr\/index.php\/formulaire-de-contact\/\" target=\"_blank\" rel=\"noreferrer noopener\">formulaire de contact<\/a><\/div>\n<\/div>\n","protected":false},"excerpt":{"rendered":"<p>Pour l\u2019ensemble paroissial d\u2019Auray-Pluneret, un accueil physique est assur\u00e9 \u00e0 Auray&nbsp;en deux lieux : Le secr\u00e9tariat : En dehors de ces horaires, pour une demande urgente, vous pouvez appeler le 07 66 83 88 89 Vous pouvez \u00e9galement utiliser le formulaire de contact ci dessous ; nous veillerons \u00e0 vous r\u00e9pondre dans les meilleurs d\u00e9lais<a class=\"more-link\" href=\"https:\/\/paroisse-auray-pluneret.fr\/index.php\/contacter-la-paroisse\/\">Lire la suite <span class=\"screen-reader-text\">\u00ab\u00a0Contacter la paroisse\u00a0\u00bb<\/span><\/a><\/p>\n","protected":false},"author":2,"featured_media":0,"parent":0,"menu_order":0,"comment_status":"closed","ping_status":"closed","template":"","meta":{"_eb_attr":"","iawp_total_views":521,"footnotes":""},"class_list":["post-151","page","type-page","status-publish","hentry","entry"],"_links":{"self":[{"href":"https:\/\/paroisse-auray-pluneret.fr\/index.php\/wp-json\/wp\/v2\/pages\/151","targetHints":{"allow":["GET"]}}],"collection":[{"href":"https:\/\/paroisse-auray-pluneret.fr\/index.php\/wp-json\/wp\/v2\/pages"}],"about":[{"href":"https:\/\/paroisse-auray-pluneret.fr\/index.php\/wp-json\/wp\/v2\/types\/page"}],"author":[{"embeddable":true,"href":"https:\/\/paroisse-auray-pluneret.fr\/index.php\/wp-json\/wp\/v2\/users\/2"}],"replies":[{"embeddable":true,"href":"https:\/\/paroisse-auray-pluneret.fr\/index.php\/wp-json\/wp\/v2\/comments?post=151"}],"version-history":[{"count":11,"href":"https:\/\/paroisse-auray-pluneret.fr\/index.php\/wp-json\/wp\/v2\/pages\/151\/revisions"}],"predecessor-version":[{"id":1915,"href":"https:\/\/paroisse-auray-pluneret.fr\/index.php\/wp-json\/wp\/v2\/pages\/151\/revisions\/1915"}],"wp:attachment":[{"href":"https:\/\/paroisse-auray-pluneret.fr\/index.php\/wp-json\/wp\/v2\/media?parent=151"}],"curies":[{"name":"wp","href":"https:\/\/api.w.org\/{rel}","templated":true}]}}