{"id":118,"date":"2025-01-09T22:00:10","date_gmt":"2025-01-09T21:00:10","guid":{"rendered":"https:\/\/paroisse-auray-pluneret.fr\/?page_id=118"},"modified":"2026-04-07T11:34:50","modified_gmt":"2026-04-07T09:34:50","slug":"messes","status":"publish","type":"page","link":"https:\/\/paroisse-auray-pluneret.fr\/index.php\/messes\/","title":{"rendered":"Messes"},"content":{"rendered":"\n<div class=\"EgliseInfo-container\"><div data-egliseinfo=\"horaires\" data-search=\"community:va\/56\/ensemble-paroissial-d-auray\" data-display=\"LOCATION\" data-open-in-egliseinfo=\"true\"><\/div><script type=\"text\/javascript\" language=\"javascript\" src=\"https:\/\/messes.info\/\/Widget\/Widget.nocache.js\"><\/script>\n<p><\/a><\/p><\/div>\n\n\n\n<hr class=\"wp-block-separator has-text-color has-secondary-color has-alpha-channel-opacity has-secondary-background-color has-background is-style-wide\"\/>\n\n\n<div class=\"wp-block-image\">\n<figure class=\"aligncenter\"><img decoding=\"async\" src=\"https:\/\/paroisses-pays-auray.fr\/wp-content\/uploads\/2024\/06\/Communion-300x200.jpg\" alt=\"\" class=\"wp-image-26561\"\/><\/figure>\n<\/div>\n\n\n<p class=\"has-text-align-center\"><strong>Les&nbsp;<\/strong><strong>messes dominicales (sauf f\u00eate particuli\u00e8re) sont c\u00e9l\u00e9br\u00e9es&nbsp;:<\/strong><\/p>\n\n\n\n<ul class=\"wp-block-list\">\n<li>le samedi \u00e0 18\u00a0h\u00a000 en <strong>hiver<\/strong> et 18\u00a0h\u00a030 en <strong>\u00e9t\u00e9<\/strong> en l&rsquo;\u00e9glise Saint Sauveur (\u00e0 Saint Goustan, quartier du port) <\/li>\n\n\n\n<li>le dimanche \u00e0 10 h 30 en l&rsquo;\u00e9glise St Gildas (en centre-ville)<\/li>\n\n\n\n<li>le dimanche \u00e0 10&nbsp;h&nbsp;30 en l\u2019\u00e9glise Charles de Blois (quartier de la gare)<\/li>\n\n\n\n<li>\u00e0 Pluneret le 3\u00e8me&nbsp;dimanche du mois \u00e0 10&nbsp;h&nbsp;30 en l\u2019\u00e9glise Saint Pierre &amp; Saint Paul.<\/li>\n<\/ul>\n\n\n\n<p class=\"has-text-align-center\"><strong>Les messes de semaine sont c\u00e9l\u00e9br\u00e9es :<\/strong><\/p>\n\n\n\n<ul class=\"wp-block-list\">\n<li>le lundi \u00e0 10 h 30 en l&rsquo;\u00e9glise St Gildas<\/li>\n\n\n\n<li>les mardi, mercredi et jeudi \u00e0 9 h 30 en l&rsquo;\u00e9glise St Gildas<\/li>\n\n\n\n<li>le vendredi \u00e0 9 h 00 en l&rsquo;\u00e9glise St Gildas. Messe suivie d\u2019une heure d\u2019adoration et possibilit\u00e9 de confession<\/li>\n\n\n\n<li>le 1er samedi du mois \u00e0 9 h 00 en l&rsquo;\u00e9glise St Gildas<\/li>\n<\/ul>\n","protected":false},"excerpt":{"rendered":"<p>Les&nbsp;messes dominicales (sauf f\u00eate particuli\u00e8re) sont c\u00e9l\u00e9br\u00e9es&nbsp;: Les messes de semaine sont c\u00e9l\u00e9br\u00e9es :<\/p>\n","protected":false},"author":2,"featured_media":0,"parent":0,"menu_order":0,"comment_status":"closed","ping_status":"closed","template":"","meta":{"_eb_attr":"","iawp_total_views":2574,"footnotes":""},"class_list":["post-118","page","type-page","status-publish","hentry","entry"],"_links":{"self":[{"href":"https:\/\/paroisse-auray-pluneret.fr\/index.php\/wp-json\/wp\/v2\/pages\/118","targetHints":{"allow":["GET"]}}],"collection":[{"href":"https:\/\/paroisse-auray-pluneret.fr\/index.php\/wp-json\/wp\/v2\/pages"}],"about":[{"href":"https:\/\/paroisse-auray-pluneret.fr\/index.php\/wp-json\/wp\/v2\/types\/page"}],"author":[{"embeddable":true,"href":"https:\/\/paroisse-auray-pluneret.fr\/index.php\/wp-json\/wp\/v2\/users\/2"}],"replies":[{"embeddable":true,"href":"https:\/\/paroisse-auray-pluneret.fr\/index.php\/wp-json\/wp\/v2\/comments?post=118"}],"version-history":[{"count":22,"href":"https:\/\/paroisse-auray-pluneret.fr\/index.php\/wp-json\/wp\/v2\/pages\/118\/revisions"}],"predecessor-version":[{"id":2455,"href":"https:\/\/paroisse-auray-pluneret.fr\/index.php\/wp-json\/wp\/v2\/pages\/118\/revisions\/2455"}],"wp:attachment":[{"href":"https:\/\/paroisse-auray-pluneret.fr\/index.php\/wp-json\/wp\/v2\/media?parent=118"}],"curies":[{"name":"wp","href":"https:\/\/api.w.org\/{rel}","templated":true}]}}

<div class="EgliseInfo-container"><div data-egliseinfo="horaires" data-search="community:va/56/ensemble-paroissial-d-auray" data-display="LOCATION" data-open-in-egliseinfo="true"></div><script type="text/javascript" language="javascript" src="https://messes.info//Widget/Widget.nocache.js"></script>
<p></a></p></div>



<hr class="wp-block-separator has-text-color has-secondary-color has-alpha-channel-opacity has-secondary-background-color has-background is-style-wide"/>


<div class="wp-block-image">
<figure class="aligncenter"><img decoding="async" src="https://paroisses-pays-auray.fr/wp-content/uploads/2024/06/Communion-300x200.jpg" alt="" class="wp-image-26561"/></figure>
</div>


<p class="has-text-align-center"><strong>Les&nbsp;</strong><strong>messes dominicales (sauf fête particulière) sont célébrées&nbsp;:</strong></p>



<ul class="wp-block-list">
<li>le samedi à 18 h 00 en <strong>hiver</strong> et 18 h 30 en <strong>été</strong> en l&rsquo;église Saint Sauveur (à Saint Goustan, quartier du port) </li>



<li>le dimanche à 10 h 30 en l&rsquo;église St Gildas (en centre-ville)</li>



<li>le dimanche à 10&nbsp;h&nbsp;30 en l’église Charles de Blois (quartier de la gare)</li>



<li>à Pluneret le 3ème&nbsp;dimanche du mois à 10&nbsp;h&nbsp;30 en l’église Saint Pierre &amp; Saint Paul.</li>
</ul>



<p class="has-text-align-center"><strong>Les messes de semaine sont célébrées :</strong></p>



<ul class="wp-block-list">
<li>le lundi à 10 h 30 en l&rsquo;église St Gildas</li>



<li>les mardi, mercredi et jeudi à 9 h 30 en l&rsquo;église St Gildas</li>



<li>le vendredi à 9 h 00 en l&rsquo;église St Gildas. Messe suivie d’une heure d’adoration et possibilité de confession</li>



<li>le 1er samedi du mois à 9 h 00 en l&rsquo;église St Gildas</li>
</ul>

<p>Les&nbsp;messes dominicales (sauf fête particulière) sont célébrées&nbsp;: Les messes de semaine sont célébrées :</p>
